428 and 15347866?
214
Calculate the highest common factor of 585508 and 759374.
154
What is the greatest common factor of 98210 and 3416?
854
Calculate the highest common divisor of 55628 and 73.
1
What is the greatest common factor of 5077655 and 5225?
1045
Calculate the greatest common factor of 9780 and 55780.
20
What is the greatest common divisor of 190 and 15339110?
10
Calculate the greatest common factor of 61974 and 23298.
66
Calculate the greatest common factor of 50589 and 129591.
693
Calculate the highest common divisor of 4614741 and 1827.
261
What is the greatest common divisor of 369909714 and 29907?
9969
Calculate the greatest common divisor of 1104 and 89322294.
138
Calculate the highest common factor of 27 and 65061603.
27
Calculate the greatest common divisor of 60 and 164063580.
60
What is the highest common divisor of 1599 and 457967991?
1599
What is the greatest common factor of 231 and 5760755?
77
Calculate the highest common divisor of 630432 and 793056.
1056
What is the greatest common factor of 1005784 and 1152008?
1976
Calculate the highest common divisor of 1220496 and 6768.
2256
Calculate the highest common factor of 12701 and 6499004.
977
Calculate the greatest common factor of 410245462 and 2101.
2101
Calculate the highest common factor of 125236 and 1134984.
524
Calculate the greatest common divisor of 576 and 78795120.
48
Calculate the highest common factor of 58898 and 566734.
98
What is the highest common factor of 5643 and 1829240523?
5643
What is the greatest common divisor of 143656050 and 13970?
1270
Calculate the greatest common factor of 224 and 141522624.
32
Calculate the highest common factor of 46207 and 258013.
287
Calculate the greatest common divisor of 3573573235 and 1310.
655
Calculate the greatest common factor of 167639 and 939411.
3163
Calculate the greatest common divisor of 4494302 and 1133.
103
Calculate the highest common factor of 32 and 4573495328.
32
Calculate the highest common divisor of 24 and 6924324.
12
Calculate the greatest common divisor of 99639327 and 178.
89
Calculate the greatest common factor of 170102 and 584528.
34
Calculate the highest common factor of 1113 and 2415441.
21
Calculate the greatest common factor of 9480 and 5277042.
474
What is the greatest common factor of 48 and 318?
6
What is the greatest common divisor of 12779041 and 21285?
473
Calculate the greatest common divisor of 135786 and 1071831.
183
Calculate the highest common divisor of 4564774 and 58.
58
Calculate the greatest common divisor of 5764231 and 1804.
451
What is the highest common divisor of 185564 and 50901012?
8068
What is the highest common divisor of 3066 and 2644206?
438
What is the greatest common factor of 134113229 and 228?
19
What is the greatest common factor of 9114 and 6258?
42
What is the highest common divisor of 90500 and 455396?
724
Calculate the greatest common factor of 51290572 and 172.
172
What is the highest common factor of 80 and 66394040?
40
Calculate the highest common factor of 107736 and 8376.
24
What is the greatest common divisor of 16 and 614552?
8
Calculate the highest common divisor of 8081793 and 3735.
747
Calculate the highest common factor of 18135088 and 12814.
298
What is the highest common factor of 1683 and 5531823?
99
What is the highest common factor of 2393600 and 68816?
2992
Calculate the greatest common factor of 1038 and 2118610938.
1038
What is the highest common factor of 61920 and 106160?
80
Calculate the greatest common factor of 423182 and 15538.
914
What is the greatest common divisor of 35023503 and 122061?
2001
What is the highest common factor of 140712 and 31783752?
3432
Calculate the highest common factor of 2023994 and 154.
14
What is the highest common factor of 444 and 203520?
12
What is the highest common divisor of 1180230 and 300?
30
What is the greatest common divisor of 197196 and 204?
12
What is the highest common divisor of 379716360 and 840?
120
Calculate the greatest common factor of 3219 and 6646458.
111
What is the greatest common divisor of 8094492 and 1909?
83
Calculate the greatest common factor of 3281917 and 21719.
587
What is the greatest common factor of 425 and 23634150?
25
Calculate the highest common factor of 564 and 54471684.
564
What is the highest common divisor of 2760 and 16939776?
552
What is the highest common divisor of 1420199 and 9306?
517
Calculate the highest common divisor of 21 and 5163177.
3
Calculate the greatest common divisor of 2866260 and 420.
60
What is the highest common divisor of 98496 and 199956?
228
What is the highest common divisor of 543 and 687712758?
543
What is the greatest common divisor of 290 and 2227270?
10
Calculate the highest common factor of 37446 and 605772.
474
Calculate the highest common factor of 3434775 and 60475.
1025
Calculate the greatest common divisor of 6610 and 742303.
661
Calculate the highest common divisor of 3094 and 4382651.
1547
What is the greatest common factor of 5292 and 7484589?
189
What is the highest common divisor of 157945 and 81530?
155
Calculate the greatest common divisor of 201188 and 5300.
212
What is the highest common factor of 368381 and 483047?
659
Calculate the highest common factor of 1050 and 11343675.
525
Calculate the highest common divisor of 55 and 17146327.
11
What is the greatest common factor of 908 and 53264188?
908
Calculate the greatest common factor of 940305412 and 92.
92
Calculate the highest common divisor of 2001755 and 1295.
35
Calculate the greatest common factor of 6184 and 1217685256.
6184
What is the greatest common factor of 61301331 and 18473?
2639
Calculate the greatest common divisor of 1855 and 23242779.
371
What is the highest common factor of 895344 and 228?
12
What is the greatest common factor of 33702 and 2047876?
274
What is the greatest common divisor of 6752405 and 44?
11
What is the greatest common factor of 7425600 and 63546?
714
Calculate the highest common factor of 576 and 479943.
9
Calculate the greatest common divisor of 14 and 85647646.
14
Calculate the greatest common factor of 524448 and 41040.
432
What is the greatest common factor of 235621799 and 7042?
3521
What is the highest common factor of 36 and 23409090?
18
What is the greatest common divisor of 638 and 753874?
22
What is the greatest common factor of 31125 and 656115?
1245
Calculate the highest common divisor of 249555 and 2633100.
1965
What is the greatest common factor of 80910 and 2059?
29
Calculate the highest common factor of 159 and 140871.
3
What is the greatest common factor of 24695760 and 2752?
688
What is the highest common factor of 70 and 159942210?
10
What is the greatest common factor of 14964 and 872814?
258
Calculate the greatest common factor of 561 and 12480567.
561
Calculate the greatest common factor of 228709085 and 4895.
4895
Calculate the highest common factor of 2688448 and 101311.
2471
Calculate the greatest common divisor of 76169080 and 377.
377
What is the greatest common factor of 5759910 and 2340?
1170
Calculate the highest common factor of 5869873 and 172333.
3517
What is the highest common factor of 6525 and 1707030?
45
What is the highest common factor of 263913 and 1608?
201
What is the highest common divisor of 120825 and 11343051?
4833
What is the greatest common factor of 47710 and 158716857?
4771
Calculate the highest common factor of 13798650 and 1950.
150
What is the greatest common divisor of 30 and 114486?
6
What is the greatest common factor of 5925232 and 4608?
16
Calculate the highest common factor of 446216 and 824.
8
What is the highest common factor of 961174 and 2?
2
What is the greatest common divisor of 61120 and 221120?
320
What is the greatest common factor of 88821129 and 697?
41
What is the highest common divisor of 465735 and 198921?
183
Calculate the greatest common factor of 41724 and 502056.
684
What is the highest common factor of 1363446 and 3402?
378
Calculate the greatest common divisor of 1 and 14007507.
1
Calculate the highest common divisor of 65911872 and 5616.
624
What is the highest common factor of 32801634 and 414?
414
What is the highest common factor of 203181 and 5643?
33
Calculate the highest common factor of 151 and 481747.
1
What is the highest common di